5, 4*v = q - 33. Suppose 2*i = i - 3*k + 11, -5*i = 2*k - 68. What is the remainder when q is divided by i?
11
Let r = -20 + 49. Calculate the remainder when r is divided by 10.
9
Suppose -13 = -d + 8. Let h be 49 - (4 + -2 + -1). Suppose -257 = -5*r + h. Calculate the remainder when r is divided by d.
19
Suppose 208 = 5*l - 212. Suppose 3*y - 2*y - l = 0. Suppose -3*s = p - 63, 0 = 4*s - 3*p + p - y. What is the remainder when s is divided by 8?
5
Let c be (-7)/7 - (-50 + -1). Suppose u = -3*y + c, -2*y - 2*u = -5 - 27. What is the remainder when 33 is divided by y?
16
Suppose 4*x - 5*r = -0*r + 80, 4*x - r = 80. Suppose -t - 2*u = -15, 39 = -3*t + 6*t + 3*u. What is the remainder when x is divided by t?
9
Let x(r) = r**2 + 4*r + 17. What is the remainder when x(-6) is divided by 8?
5
Let n(l) = l**3 + l**2 - 3*l + 1. Let g be n(2). Calculate the remainder when 11 is divided by (-3)/g + (-270)/(-42).
5
Let k = -34 - -55. Suppose -2*b + 24 = -5*z, k = -5*z + 4*z - 5*b. What is the remainder when 5 is divided by z/12 - 5/(-2)?
1
Suppose -3*l + 5*h + 5 = -67, 0 = 2*l - 3*h - 49. What is the remainder when 115 is divided by l?
28
Suppose -2*f - 2*f - 5*x = -88, -4*f - 2*x + 76 = 0. Let w = f + -24. What is the remainder when (w/4)/(3/(-60)) is divided by 9?
8
Calculate the remainder when 2/(-13) + (-9734)/(-403) is divided by 5.
4
Let n = 72 - 62. Let j(d) = -d**3 - d - 4. Let b be j(-4). Let l = b + -35. Calculate the remainder when l is divided by n.
9
Suppose 0 = 5*v + 5, -5*v + 17 = 3*j - 2*j. What is the remainder when 109 is divided by j?
21
Suppose 0 = 3*u + 6, 2*y - 5*u + 49 - 173 = 0. What is the remainder when y is divided by ((-66)/(-54) - (-2)/(-9))*15?
12
Suppose -4*m + 553 = 5*p + 151, -2*p = m - 159. Calculate the remainder when p is divided by 2 - (-3)/1*6.
18
Calculate the remainder when 17 is divided by (-1)/(-4) - 35/(-4).
8
Let p = 25 + -13. Let w = -1 + p. Suppose 4*i + 1 = 25. What is the remainder when w is divided by i?
5
Let v(k) = k**2 + 3*k - 2. What is the remainder when v(-8) is divided by 10?
8
Let j = 217 - 155. What is the remainder when j is divided by 16?
14
What is the remainder when 63 - ((-8)/10)/((-30)/75) is divided by 16?
13
Let d(b) = 6*b - 30. Calculate the remainder when 47 is divided by d(9).
23
Let c(q) = -q**2 + 173. Let n be c(0). Suppose n + 35 = 4*a. What is the remainder when a is divided by 18?
16
Let t(d) = 5*d + 15. Let y be t(-5). Calculate the remainder when 5 is divided by -1*4*5/y.
1
What is the remainder when (2 - 0 - 1) + 74 is divided by 16?
11
Let n(v) = v**3 + 9*v**2 + 8*v + 4. What is the remainder when n(-6) is divided by 13?
12
Suppose 66 = z + 4*p, z - 4*p = 14 + 12. What is the remainder when z is divided by 13?
7
Suppose -7*j + 5*s + 25 = -2*j, -4*j + 5*s = -22. Let y = -5 - -10. Calculate the remainder when y is divided by j.
2
Let z(n) = n**3 + 9*n**2 + 8*n + 13. Calculate the remainder when 50 is divided by z(-8).
11
Suppose -3*n + 5*b = -6*n + 286, 2*n - 4*b - 198 = 0. What is the remainder when n is divided by 10?
7
Suppose -23*t - 60 = -27*t. Let h = -18 + 44. What is the remainder when h is divided by t?
11
Suppose -5*o = -t + 5*t - 81, -19 = -3*o + 5*t. Calculate the remainder when 24 is divided by o.
11
Let k(r) = r**3 - 5*r**2 - 6*r + 5. Let m be k(6). Let x = 69 - 31. Suppose 3*y + m*o = 32 + 39, -x = -2*y - o. What is the remainder when 49 is divided by y?
15
Let d(s) = 22*s - 1. What is the remainder when d(1) is divided by 4/(-14) + 258/21?
9
Suppose 3*a - 2*a + t - 8 = 0, 0 = 2*a - 3*t - 31. Let b = a + 20. Let u = 8 - 0. What is the remainder when b is divided by u?
7
Let s = 45 - 15. What is the remainder when s is divided by 8?
6
Let q(d) = d**2 - 2*d - 3. Let g(f) = -f**2 + 10*f - 10. Let w be g(8). Let v = w - 4. Calculate the remainder when q(4) is divided by v.
1
Suppose 2*m - l = 3, m - 3*l = 5 - 1. Suppose -3*c + 15 = -0*c + 3*h, -3*c + 4*h = -1. Calculate the remainder when c is divided by m.
0
Let m = 6 - -5. Suppose -3*y = -c - 99, 9 = -2*c + 3. What is the remainder when y is divided by m?
10
Let y(j) = -20*j - 4 + 3 - 1. Let t = -3 + 1. Calculate the remainder when y(t) is divided by 20.
18
Let c = 6 - -10. Let q = -30 - -77. What is the remainder when q is divided by c?
15
Suppose -5*g + 89 = -176. What is the remainder when g is divided by 7/(3*2/12)?
11
Let j(h) = 2*h**2 - 3. Calculate the remainder when j(-3) is divided by 9.
6
Let x = 129 + -44. Let d = -36 + x. Suppose 5*c - 64 = -3*f, -c - 6 - 2 = -f. What is the remainder when d is divided by f?
10
Let b be 0/2 - (-1 - 2). Suppose b*k = k + 44. Let g = 14 + -6. Calculate the remainder when k is divided by g.
6
Suppose -5*w - 3*o - 8 = -30, -w + 4*o = -9. Suppose 36 = -w*y + 1. Let x = y - -25. Calculate the remainder when x is divided by 10.
8
Let d be -2 + -1*(-5 - 2). Suppose -d*n + 37 - 12 = 0. Suppose -7*p + 2*p = 3*q - 25, -2*p = n*q + 9. Calculate the remainder when 15 is divided by p.
7
Let w be -2*(12/(-2))/3. Suppose -a + 6 = 2*f, -f = -w*a + 2 - 5. Suppose -4*n + y + 18 = -4, f*y = 6. What is the remainder when 10 is divided by n?
4
Let o be (-1 - -40)*8/(-12). Let y be -4*1/(-2) - o. Suppose 0 = -6*v + 2*v + y. Calculate the remainder when v is divided by 3.
1
Let s = -4 + 16. Let q(j) = -1 - 18*j + 5 - 3*j - 3. Calculate the remainder when q(-1) is divided by s.
10
Let j be ((-18)/27)/((-4)/18). Let z = 11 + j. Let a = 59 + -19. What is the remainder when a is divided by z?
12
Let z(h) = -h**3 + 7*h**2 - 6*h + 12. What is the remainder when 45 is divided by z(6)?
9
Suppose 4*u = -2 - 2. Suppose 4*t = -t + 5. Calculate the remainder when 27 is divided by -14*(u - (t - 1)).
13
Let r = -7 + 18. Let i = -3 + r. Let g(t) = -8*t + 6. What is the remainder when g(-2) is divided by i?
6
Let y(k) = -19*k + 6. Let t be y(-4). Suppose 2*s = t + 14. Calculate the remainder when s is divided by 17.
14
Calculate the remainder when 14459/209 + 2/(-11) is divided by 25.
19
Suppose 5*f + 66 = -34. What is the remainder when 22 is divided by ((-24)/f)/((-3)/(-20))?
6
Let p be (-1689)/(-15) + 2/5. Let b = 6 + -3. Suppose b*h + 2*h = -r + p, 4*r - 38 = -2*h. What is the remainder when h is divided by 8?
7
Suppose 2*f - l = -2*f + 77, -4*l + 34 = 3*f. Suppose -4*k + 5*c + 83 = -34, 4*c + 153 = 5*k. What is the remainder when k is divided by f?
15
Suppose -2*i + 14 = -0*i. What is the remainder when 20 is divided by i?
6
Suppose -a - 2*r - 6 = a, 13 = -3*a - 5*r. Let v = 3 - a. Calculate the remainder when 20 is divided by (22/(-4))/((-2)/v).
9
Let j(b) = 2*b**3 - 4*b**2 - 7. Calculate the remainder when j(5) is divided by 29.
27
Let k(m) = 7*m + 2. Let i(s) = -s**2 + 7. Let q be i(-5). Let t = q + 30. Calculate the remainder when k(3) is divided by t.
11
Let b = -2 + 19. Let y = 17 - 14. Suppose -4*s + 2*t + 44 = -2*t, -y*s + 13 = t. What is the remainder when b is divided by s?
5
Let d(m) = -44*m**3 + m. Let v = 6 - 7. Calculate the remainder when d(v) is divided by 11.
10
Let z = 46 + -23. Calculate the remainder when z is divided by 13.
10
Let k be (-155)/4 + 11/(-44). Let p = -4 - 18. Let b = p - k. What is the remainder when b is divided by 9?
8
Let b(r) = r**2 + 2*r - 5. Let m be b(-4). Suppose s + 158 = m*s. Suppose -l - 2*j = 2*l - 116, -2*l + s = j. Calculate the remainder when l is divided by 11.
9
Suppose 3*n - 9 = -3. Suppose 0 = -k + 3, n*k = -2*s + 39 + 13. What is the remainder when s is divided by 8?
7
Let w = -20 - -45. What is the remainder when w is divided by 9?
7
Let r be 1 + (57/(-1))/(-3). Let t = r + -10. Calculate the remainder when ((-1)/(-2))/(3/174) is divided by t.
9
Suppose -97 = 3*i - 37. Let c be 9 + 0 + -1 + 1. Calculate the remainder when 13 is divided by 3/c - i/3.
6
Let z = 26 - 13. Calculate the remainder when z is divided by ((-2)/4)/(2/(-20)).
3
Let t = 2 - -3. Suppose -a = 4*g - 117, t*g = g - 4*a + 120. Suppose 4*n - 18 - 26 = 4*h, 28 = 3*n + 2*h. Calculate the remainder when g is divided by n.
9
Suppose -4*r + 2200 = r. Calculate the remainder when 45 is divided by (-2)/9 + r/36.
9
Suppose 81 = -2*t + 3*t. Calculate the remainder when t is divided by 21.
18
Let q(d) = 2*d**2 + 5*d + 14. Calculate the remainder when q(-5) is divided by 20.
19
Suppose c - 29